3, 5, 11
Let s be (-8)/(-6) - ((-6)/9 - -2). Suppose 6*u - 2530 = u - 3*w, 3*w = s. What are the prime factors of u?
2, 11, 23
Let x(w) = 1541*w + 1952. List the prime factors of x(6).
2, 11, 509
List the prime factors of (117/52 - 3/(-4)) + 2738.
2741
Suppose -2*t = -2, 20 - 8 = b + 2*t. What are the prime factors of b*1912/(-32)*-2?
5, 239
Let q(h) = 6*h**3 - 10*h**2 + 73*h - 359. What are the prime factors of q(20)?
7, 17, 379
Let o be (-21)/(-35) - ((-14)/5)/2. Suppose -2*b + q + q = -728, -o*b = 3*q - 743. Let r = b - 228. List the prime factors of r.
139
Suppose -703 = -37*w + 259. Suppose -24*r = -w*r - 5*q + 112, 0 = -5*r + q + 307. List the prime factors of r.
61
List the prime factors of ((-144)/128)/(-9) - (-671070)/16.
2, 67, 313
Let n(k) = 65*k - 6. Let u be n(3). Suppose -193*i + 1320 = -u*i. List the prime factors of i.
2, 3, 5, 11
What are the prime factors of -12 - ((-45)/5 + -6689)?
2, 3343
List the prime factors of 120124/8 + 1/(-20)*-10.
2, 1877
Let y(a) = 5081*a**2 - 18*a + 44. What are the prime factors of y(3)?
131, 349
Suppose -3*x - 2*i + 1850 = -1400, 5410 = 5*x + 2*i. List the prime factors of x.
2, 3, 5
Let k be 10 - 13937/(-33) - (-2)/3. Let i = k + 84. What are the prime factors of i?
11, 47
Suppose j + 7*p - 2*p - 25 = 0, -2*p + 25 = j. Let u be ((-60)/j)/((-6)/20). Suppose 0 = u*b - 6*b - 86. What are the prime factors of b?
43
Let v(g) = -2*g - 4. Let s be v(10). Let k = s - -62. What are the prime factors of k/(-10) + 4 + (-164)/(-5)?
3, 11
Suppose 16*a = 11*a + 75. Suppose 4*t + 26 = 5*o, -7 = 5*t - o + a. What are the prime factors of (10/t)/((-1)/(-34)*-1)?
5, 17
Let c = -5267 + 8211. What are the prime factors of c?
2, 23
Suppose 3*a = -6*u + 11*u - 5, -5*a = 5*u + 35. Let k(v) = -118*v**3 + 5*v**2 + 5*v. What are the prime factors of k(u)?
2, 3, 53
Suppose -13*z + 7*z - 18 = 0. Let m be 397 - 6/(z + 1). Suppose -8*g + 12*g = m. List the prime factors of g.
2, 5
Let j(t) = 22*t + 336. Let g be j(-15). Let p(s) = 2*s**3 - 9*s**2 + 26*s - 39. List the prime factors of p(g).
3, 5
Let l = 153 - -72. Let y = 227 - l. List the prime factors of y.
2
Let v(b) = 13 - 6 + 3*b**2 - b - 4. Let z be v(6). Let q = 104 + z. What are the prime factors of q?
11, 19
Let d = 1 + -12. Let v be (99 - 1) + (d - -10). List the prime factors of v - (16/4 + -2).
5, 19
Suppose 2*l = -2*d + 1 - 3, 0 = 5*d - 20. What are the prime factors of (-14571)/45*l + -2 + 6?
3, 541
Suppose -350025 - 1479 = -78*q + 458916. What are the prime factors of q?
2, 5, 1039
Suppose -8*q + 4*q - n - 1008 = 0, 3*q = 4*n - 756. Let a = 360 - q. List the prime factors of a.
2, 3, 17
Let z(m) = m**3 - 4*m**2 + 81*m - 26. What are the prime factors of z(17)?
2, 1277
Let b(d) = -3*d**2 - 18 + 25 + 59 + 2*d**2 + 31*d. What are the prime factors of b(23)?
2, 5
Let v = 63 - 149. Let g = v - -127. Let f = g - 9. List the prime factors of f.
2
Suppose -136*f + 518678 = -1971210. List the prime factors of f.
2, 23, 199
Let l be (0/1)/(165/55). Suppose r + 10*j - 9*j - 1071 = l, 1083 = r - 2*j. List the prime factors of r.
5, 43
Suppose 28*w - 466620 = -24*w - 18*w. List the prime factors of w.
2, 3, 11, 101
Let s = 224 - 227. What are the prime factors of (0 + s + 2)*-759?
3, 11, 23
Let l(r) be the second derivative of -11*r**5/40 - r**4/24 + 4*r**3 + 11*r. Let m(g) be the second derivative of l(g). List the prime factors of m(-2).
5, 13
Suppose -7*q + 9*q = -48. List the prime factors of ((-7569)/(-12))/((-9)/q).
2, 29
Let c(u) = 12*u - 63*u + 7*u + 29 - 11. Let b be c(5). Let t = b + 423. List the prime factors of t.
13, 17
Suppose 5*a - 30 = 0, -3*z = 4*a - 13236 - 1350. List the prime factors of z.
2, 3, 809
Let q = 24974 - 8223. What are the prime factors of q?
7, 2393
What are the prime factors of -1 + ((-491245)/(-35) - -8) + (-3)/(-7)?
3, 31, 151
Suppose 8*t - 16 = 12*t. Let x be -5*(-1 - (t + 4)). Suppose -2*p + 61 = -x*i, -i + 4 = 1. What are the prime factors of p?
2, 19
Let y(j) = -15*j - 22. Let p be y(14). Let t = -230 - p. What are the prime factors of t?
2
Let c be 12/54 - (-30230)/45. Let b be (4/((-32)/(-6)))/(28/c). Let s = b - -52. List the prime factors of s.
2, 5, 7
Let n be 3*(36/3 - 3). Let q = n + -29. Let h = 93 - q. List the prime factors of h.
5, 19
Let s be (-1)/2*(2 + 910/5). Let i = 440 - s. List the prime factors of i.
2, 7, 19
Let x be (-4)/(-24) - (-3)/90*-5. Suppose 0 = -2*g - 68 + 360. Suppose g + x = 2*m. List the prime factors of m.
73
Suppose -28 = 5*x - h, -4*h - 6 = -4*x - 22. Let u(g) = -51*g + 86. Let y be u(4). Let v = x - y. List the prime factors of v.
2, 7
Suppose -6*f = 3*f + 27. Let a be -168*-2*f/(-6). Suppose 5*c = -h + 3*c + a, 372 = 2*h - 5*c. List the prime factors of h.
2, 11
Let g be ((-10)/6)/((-22)/3 - -7). Suppose 0 = -g*b + i + 896, -i = 3*b - 78 - 466. What are the prime factors of b?
2, 3, 5
List the prime factors of -1 + (-1662*198/(-54) - 2*-3).
3, 19, 107
Let y = -107 - -221. Suppose -6*v - y = -5*v. Let m = v - -160. What are the prime factors of m?
2, 23
Let g = 40687 + -25414. What are the prime factors of g?
3, 1697
Suppose -3263*c + 3244*c = -1075970. What are the prime factors of c?
2, 5, 7, 809
Let q be -10*(0 + 2)/(-1*4). Suppose -3*j + 194 = -16. Suppose -4*n = -q*n + j. List the prime factors of n.
2, 5, 7
What are the prime factors of ((-11096496)/1315)/((-6)/40)?
2, 3, 293
Suppose 5*z = -3*w + 152, 37 - 133 = -4*z + 4*w. Let s be 3/6*0/3. Suppose -25*o + z*o - 537 = s. List the prime factors of o.
179
What are the prime factors of 15/(-20)*(-1788288)/36?
2, 4657
Let f(x) = x**3 + 8*x**2 - 22*x + 818. What are the prime factors of f(19)?
73, 139
Let b(p) = 314*p - 15. Let z be b(5). Suppose -5*g + z = 2*v, -2*g + 3*v = -850 + 228. What are the prime factors of g?
311
Suppose 8573256 = 520*z - 178*z. What are the prime factors of z?
2, 3, 2089
Let k be (-10)/2 + (2/2 - 6). List the prime factors of k/1*(-8)/5.
2
Let a = 423 - 124. Let d = a - 96. Let o = -125 + d. What are the prime factors of o?
2, 3, 13
Suppose 186861 - 63738 = 13*a. List the prime factors of a.
3, 7, 11, 41
Let r(p) = 180*p + 160. Let s be r(19). Suppose 4*c + s = 4*a + 8*c, -12 = -3*c. List the prime factors of a.
3, 11
Suppose -5*z + 2*i - 5*i = 916, z - 2*i = -178. List the prime factors of 12322/13*1 + (-28)/z.
2, 3, 79
Let q = 7105 - -1172. List the prime factors of q.
3, 31, 89
Suppose -37*u = -52*u. Suppose u = -6*q - 13*q + 11837. What are the prime factors of q?
7, 89
Let w = -25 - 20. Let q be (-4)/((-20)/w)*-6. Let b = q + -12. List the prime factors of b.
2, 3, 7
Let t(h) be the first derivative of -2*h**3/3 - 35*h**2/2 - 17*h - 27. Let r be t(-17). Suppose r*a + 90 = 2*a. What are the prime factors of a?
3, 5
Suppose 4*l = -16*l + 6*l + 71260. What are the prime factors of l?
2, 5, 509
Let r(i) = -4034*i**3 + 3*i**2 - 152*i - 316. List the prime factors of r(-2).
2, 2017
Let y = -76 - -46. Let a = 33 + y. Suppose -244 = -k - 5*l, 2*k + 4*l - 1304 = -a*k. What are the prime factors of k?
2, 3, 11
Suppose -89*p - 2301 = -451573. What are the prime factors of p?
2, 631
Let j(c) = 2*c**2 - c - 10. Suppose -37 - 43 = -8*v. What are the prime factors of j(v)?
2, 3, 5
List the prime factors of 162/(-36) - 3054/(-4).
3, 11, 23
Suppose 107*t - 8611423 + 33019 = 0. List the prime factors of t.
2, 3, 17, 131
Let r(o) = 4*o - 12. Let j be r(3). Let t be -65*(1 + 74/(-5)). Suppose -9*d + t - 15 = j. List the prime factors of d.
2, 7
Let q(o) = -36*o + 45. Let k be 3 + 0 + -2 - (7 - 0). What are the prime factors of q(k)?
3, 29
Let c(d) = -d - 24. Let o be c(7). Let w = o - -28. List the prime factors of 68*(-7)/(14/w).
2, 3, 17
Let k(q) = 3*q**2 + 35*q + 26. Let v be k(-11). Suppose v*a - 101 - 891 = 0. List the prime factors of a.
2, 31
Suppose -15*k = -24*k + 36. Suppose 0 = -g - 3*g - 4*c - 20, 0 = -g + k*c + 20. What are the prime factors of (-1416)/(-18) + ((-2)/3 - g)?
2, 3, 13
Let t(y) = -y**2 + 1. Let s(q) = -5*q**2 - 8*q - 5. Let m be -1*((-6)/(-12))/(1/(-2)). Let u(l) = m*s(l) - 6*t(l). What are the prime factors of u(11)?
2, 11
Let c be ((-6)/18)/(12/(-2160)). Suppose 12345 = -45*z + c*z. List the prime factors of z.
823
Let r(w) = -10*w**2 - 3*w + 4. Let c be r(3). Let b = -85 - c. List the prime factors 